2 - 6*k - 7. What is the remainder when q(-7) is divided by 34?
31
Let c(b) = -b**2 - 12*b - 9. Let h be c(-8). Suppose -h = -3*s - 2. Suppose 2*t = u + 28, 3*t = 5*u + 22 + 34. Calculate the remainder when t is divided by s.
5
Let u(l) be the third derivative of l**6/120 - l**5/10 + 7*l**4/24 - 2*l**3/3 - l**2. Calculate the remainder when 17 is divided by u(5).
5
What is the remainder when 33 is divided by 21*((-30)/(-9) + -3)?
5
Let y be 10/4*12/10. Suppose -7*u = -y*u - 100. Suppose 5*l = 5*c - u, 0 - 8 = 4*c + 3*l. Calculate the remainder when 2 is divided by c.
0
Calculate the remainder when ((-8)/(-2 + 4))/((-2)/60) is divided by 31.
27
Suppose -r + 90 = 5*r. What is the remainder when 27 is divided by r?
12
Let h = 2 + -4. Let i be (2 - h)*2/4. Suppose 3*q = 4*q - i. What is the remainder when 4 is divided by q?
0
Let u(h) = -h**2 - 5*h + 2. Let g be u(-3). Let l(c) = 5 - 7 + 3*c + 0*c - 9. Calculate the remainder when l(g) is divided by 5.
3
Suppose 0 = 2*j - 4*y - 88, 5*y + 34 = j - 10. What is the remainder when j is divided by 23?
21
Suppose -5*w = -5*q + 38 - 13, 3*q + 2*w - 5 = 0. Let y = 10 + q. Calculate the remainder when 37 is divided by y.
11
Let b(c) = 2*c**3 - c**2 - 9*c - 5. What is the remainder when b(4) is divided by 24?
23
Suppose -3*d = -d - 4. Let f(z) = z**d + z**2 + 0 + 1. What is the remainder when f(-1) is divided by 2?
1
Suppose 5*t = 4*h - 26, -14 = 5*h - 3*t - 40. What is the remainder when 6 is divided by h?
2
Let f = 53 - 17. Let q = 36 + -17. What is the remainder when f is divided by q?
17
Let t = -2 + -38. What is the remainder when -1 + 1/1 - -36 is divided by ((-130)/t)/((-2)/(-8))?
10
Let d(o) = 3*o - 6. Let g be d(5). Let s = 60 - 57. Calculate the remainder when 34/g + 2/9 is divided by s.
1
Calculate the remainder when 39 is divided by (12 - 13)/(((-2)/(-14))/(-1)).
4
Let m = -100 - -162. What is the remainder when m is divided by 8?
6
Suppose 2*p - 49 = -27. What is the remainder when p is divided by 5?
1
What is the remainder when 16 - (-1 - 3 - 0) is divided by 11?
9
Let i(n) = 32*n - 1. What is the remainder when i(2) is divided by 22?
19
Suppose 14 + 17 = 4*y + 3*b, -b = y - 9. What is the remainder when 1 - -7 - (4 - 2)/(-1) is divided by y?
2
Suppose 5*d + 12 = 11*d. What is the remainder when 10 is divided by d?
0
Suppose -t + 4*a + 26 = 0, 3*t + 3 = -a + 42. Calculate the remainder when t is divided by 8.
6
Suppose -o = b - 15, -3*b - b - 3*o + 63 = 0. Calculate the remainder when 71 is divided by b.
17
Suppose -2*x + 4*x - 60 = 0. What is the remainder when 30 is divided by (10/x)/((-2)/(-66))?
8
Suppose -4*x + 2*u + 75 = -3*u, -5*x - 3*u = -66. Suppose -1 + x = 2*h. Suppose 0 = h*j - 2*j - 95. What is the remainder when j is divided by 7?
5
Suppose 11*g = 3*g + 128. What is the remainder when g is divided by 10?
6
Let x = 1 - 3. Let d = x + 3. Calculate the remainder when (-1 - 3) + d - -89 is divided by 29.
28
Suppose 5*v + 3*w - 1217 = 0, 3*v + w + 489 = 5*v. Calculate the remainder when v is divided by 19.
16
Let r(v) = -v**3 - 4*v**2 - 4*v - 1. Let q be r(-3). Suppose 142 - 16 = 6*l. What is the remainder when 61/q*2/1 is divided by l?
19
Let d(l) = l**2 + 5*l + 12. What is the remainder when 34 is divided by d(-5)?
10
Let w(d) = 2*d**3 + 1. Let j be w(3). Let b = j + -33. What is the remainder when b is divided by 12?
10
Let h = 36 - 32. What is the remainder when h is divided by 3?
1
Let o(n) = -n**3 - 8*n**2 - 9*n - 7. Let t be o(-7). Suppose 5*w - 3*a = 61, -5*w + 3*a = t*a - 47. What is the remainder when w is divided by 3?
2
Let s = -57 + 110. Let b = -28 + s. Let a = b - 12. What is the remainder when 38 is divided by a?
12
Let f(m) = 3*m. Let i be (5/1)/((-4)/(-4)). Suppose -i*r = -2*a + 39, 2*a + 2*r = -r + 31. Calculate the remainder when a is divided by f(3).
8
Let t = 12 + -12. What is the remainder when -1*((-1 - 0) + -10) is divided by 4 - 2 - (-2 - t)?
3
Suppose -29 = -g + 20. Let x = -17 + g. Calculate the remainder when x is divided by 12.
8
Suppose -p + 1 = -12. Calculate the remainder when 21 is divided by p.
8
Let y = -48 + 66. What is the remainder when y is divided by 7?
4
Suppose -3 - 105 = -3*s. Suppose 4*x + 2*o - 58 = 0, -3*x + s = 4*o - 0*o. Calculate the remainder when 45 is divided by x.
13
Let q = -12 + 10. Calculate the remainder when (-3)/12*q*62 is divided by 11.
9
Let u(w) = w**3 + 2*w**2 - 2*w + 6. Calculate the remainder when (-168)/(-20) + (-2)/5 is divided by u(-3).
2
Let q = 4 - 0. Suppose -5*a + 7*a = -2. Let z = q + a. What is the remainder when 4 is divided by z?
1
Let t(l) = l**2 - 7*l + 8. Suppose 3*x - 1 - 8 = 0. Calculate the remainder when x is divided by t(6).
1
Calculate the remainder when 9 - ((-8)/4 - 0) is divided by 4.
3
Let g = -1 + 0. Let p be (1 + g/(-1))*23. Suppose 2*s + 2*s = -2*a + p, -128 = -4*a + s. What is the remainder when a is divided by 16?
15
Suppose 2 + 0 = -2*f, -4*f - 18 = -2*q. Calculate the remainder when (-3*33/(-9))/1 is divided by q.
4
Suppose 6*q - 2*q - 36 = 5*v, 0 = -v. What is the remainder when 50 is divided by q?
5
Let a(f) = f**3 - 4*f**2 + 3*f + 23. Calculate the remainder when a(4) is divided by 7.
0
Let k = -13 - -1. Let m = 7 - -12. What is the remainder when m is divided by 0 - (k - 6/(-3))?
9
Suppose 0 = -4*k - k + 30. Suppose 4*p - 10 = -2. Calculate the remainder when p is divided by 2*(2 + k/(-4)).
0
Suppose 0 = 2*l + 10, -15 = -2*w + 4*w + 3*l. Suppose m - 2*a - 2*a - 29 = w, 2*m - 48 = -2*a. Calculate the remainder when m is divided by 13.
12
Let c = -48 - -67. What is the remainder when 75 is divided by c?
18
Let t(u) = -u**2 + u + 1. Let n(d) = d**3 + 5*d**2 - 5*d - 9. Let z(a) = n(a) + 6*t(a). What is the remainder when 678/13 - (140/65 + -2) is divided by z(3)?
16
Let s(x) = 2*x**2 - 16*x - 47. What is the remainder when 92 is divided by s(11)?
16
Suppose -10 = -3*l - 2*l. Suppose 2*h = 3*z + 29, -22 = -h + 2*z + z. What is the remainder when h is divided by l?
1
Let w = -39 - -75. Let y = w + -25. What is the remainder when 42 is divided by y?
9
Let g(y) be the first derivative of y**3/3 + y**2 + 6*y + 9. Calculate the remainder when 34 is divided by g(-3).
7
Let t = -10 - -14. Calculate the remainder when 10 is divided by t.
2
Let c = -117 + 67. Let d = 71 + c. What is the remainder when 81 is divided by d?
18
Suppose 0 = z + 2*z - 45. Calculate the remainder when 0 + 1*2*42/3 is divided by z.
13
Suppose -6*h = -21*h + 240. What is the remainder when 77 is divided by h?
13
Suppose 0 = h - 0*h - 2. Suppose a - l + 292 = 6*a, -2*a = -h*l - 112. Calculate the remainder when a is divided by 20.
18
What is the remainder when 27 is divided by 55/4 + (-2)/(-8)?
13
Let i = -27 - -40. What is the remainder when 64 is divided by i?
12
Let i = 9 + 12. What is the remainder when 41 is divided by i?
20
Let t(w) = w**3 + 13*w**2 - 9*w + 13. Let a be t(-13). Suppose 5*h - a = 5*d, -h - d = 2*d - 46. What is the remainder when h is divided by 11?
9
Let b = 22 - -23. Let l(o) = o**3 + 6*o**2 + 6*o + 4. Calculate the remainder when b is divided by l(-4).
9
Calculate the remainder when -1 + 86 + (24 + 0)/(-6) is divided by 43.
38
Let q be (-6)/6*6/(-2). Suppose -d = q*d. Suppose -5*y + d*y = -10. Calculate the remainder when 5 is divided by y.
1
Let t = 2 + 4. Suppose 2*y - y = -t. Calculate the remainder when 32 is divided by (-64)/y - (-2)/6.
10
Let b(m) = -m**2 + 13*m - 13. Suppose 0 = 5*g - 21 - 34. What is the remainder when 24 is divided by b(g)?
6
Let s(w) = w**3 - 3*w**2 - 6*w + 5. Let a = -4 + 11. What is the remainder when s(5) is divided by a?
4
Suppose 4*j = 31 + 13. Calculate the remainder when 30 is divided by j.
8
Let d(m) = m + 23. What is the remainder when 98 is divided by d(-6)?
13
Let q(n) = -3*n**3 - 11*n**2 + 2*n + 2. Let d(w) = -w**3 - 5*w**2 + w + 1. Let i(c) = -9*d(c) + 4*q(c). Calculate the remainder when i(-2) is divided by 10.
9
Suppose -252 = -19*s + s. What is the remainder when 1/3 - 238/(-6) is divided by s?
12
Let s(x) = 3*x. Let z be s(1). Suppose -m = 2*c - 17, -9 - 9 = -3*c + m. What is the remainder when c is divided by 7/z + 2/3?
1
Let u = 117 + -48. What is the remainder when 273 is divided by u?
66
Let b be 3/((2 - -3) + -2). Calculate the remainder when 25 is